he greatest common divisor of 39 and 52?
13
Calculate the highest common divisor of 24 and 3912.
24
What is the greatest common divisor of 3 and 9?
3
Calculate the highest common factor of 99 and 180.
9
What is the greatest common divisor of 2278 and 34?
34
Calculate the highest common factor of 84 and 546.
42
Calculate the greatest common factor of 30 and 80.
10
Calculate the highest common divisor of 1222 and 52.
26
Calculate the highest common factor of 41 and 656.
41
What is the highest common factor of 6 and 3747?
3
What is the greatest common divisor of 81 and 162?
81
What is the greatest common factor of 276 and 36?
12
Calculate the greatest common factor of 40 and 310.
10
Calculate the highest common divisor of 60 and 140.
20
Calculate the highest common divisor of 1528 and 40.
8
What is the highest common factor of 323 and 152?
19
Calculate the greatest common divisor of 54 and 36.
18
What is the greatest common factor of 704 and 66?
22
What is the greatest common factor of 1716 and 66?
66
Calculate the highest common divisor of 8830 and 50.
10
Calculate the greatest common factor of 4302 and 36.
18
What is the greatest common factor of 3549 and 676?
169
Calculate the highest common factor of 112 and 2.
2
What is the greatest common factor of 87 and 609?
87
What is the highest common divisor of 76 and 418?
38
Calculate the highest common factor of 5079 and 9.
3
What is the highest common factor of 4995 and 74?
37
What is the highest common factor of 20 and 510?
10
What is the greatest common divisor of 4096 and 32?
32
What is the greatest common factor of 120 and 5860?
20
What is the highest common divisor of 24 and 3108?
12
Calculate the greatest common factor of 1360 and 3680.
80
Calculate the highest common divisor of 11 and 187.
11
Calculate the highest common factor of 12 and 7116.
12
Calculate the highest common factor of 5723 and 118.
59
What is the greatest common divisor of 57 and 3?
3
Calculate the highest common factor of 35 and 49.
7
What is the highest common factor of 119 and 721?
7
What is the greatest common factor of 1725 and 225?
75
What is the highest common divisor of 1521 and 117?
117
Calculate the greatest common divisor of 5508 and 48.
12
Calculate the greatest common divisor of 77 and 66.
11
What is the highest common divisor of 41412 and 34?
34
What is the greatest common factor of 357 and 68?
17
What is the highest common divisor of 84 and 868?
28
What is the greatest common divisor of 6 and 234?
6
What is the highest common factor of 5 and 11?
1
Calculate the highest common divisor of 896 and 28.
28
What is the highest common factor of 2448 and 54?
18
Calculate the highest common factor of 360 and 990.
90
Calculate the highest common factor of 1435 and 8897.
287
What is the greatest common factor of 81 and 18?
9
What is the highest common divisor of 24500 and 14?
14
What is the greatest common factor of 153 and 27?
9
Calculate the greatest common divisor of 1320 and 44.
44
What is the highest common factor of 56 and 476?
28
Calculate the highest common divisor of 1586 and 52.
26
What is the greatest common factor of 180 and 40?
20
What is the greatest common factor of 689 and 1961?
53
Calculate the greatest common divisor of 1080 and 48.
24
Calculate the greatest common divisor of 33884 and 344.
172
Calculate the greatest common divisor of 228 and 1900.
76
Calculate the highest common divisor of 500 and 80.
20
Calculate the highest common divisor of 117 and 52.
13
What is the greatest common divisor of 20 and 144?
4
What is the highest common divisor of 46 and 322?
46
Calculate the highest common divisor of 777 and 21.
21
Calculate the greatest common divisor of 23 and 437.
23
What is the highest common factor of 74893 and 13?
13
What is the greatest common divisor of 7449 and 26?
13
Calculate the highest common divisor of 264 and 8052.
132
What is the greatest common factor of 259 and 407?
37
What is the highest common factor of 24 and 456?
24
What is the greatest common divisor of 297 and 1397?
11
What is the highest common factor of 184 and 1334?
46
What is the greatest common factor of 63 and 9063?
9
What is the highest common factor of 163 and 6683?
163
Calculate the greatest common factor of 2025 and 81.
81
What is the highest common divisor of 82 and 16?
2
What is the greatest common divisor of 91 and 70?
7
What is the highest common divisor of 184 and 32?
8
Calculate the greatest common divisor of 30 and 810.
30
Calculate the highest common divisor of 1032 and 588.
12
What is the greatest common factor of 102 and 1326?
102
What is the greatest common factor of 108420 and 12?
12
Calculate the greatest common divisor of 414 and 92.
46
What is the greatest common factor of 1785 and 5712?
357
What is the greatest common factor of 583 and 212?
53
What is the greatest common factor of 602 and 1118?
86
Calculate the highest common divisor of 4922 and 107.
107
What is the highest common divisor of 1 and 229?
1
Calculate the highest common divisor of 39320 and 40.
40
Calculate the greatest common factor of 42 and 6.
6
Calculate the greatest common factor of 303 and 202.
101
Calculate the greatest common factor of 36 and 3744.
36
What is the greatest common factor of 36 and 900?
36
Calculate the highest common factor of 36 and 132.
12
Calculate the greatest common factor of 1017 and 113.
113
Calculate the greatest common factor of 1064 and 56.
56
What is the highest common divisor of 42 and 5166?
42
What is the highest common factor of 28 and 686?
14
What is the highest common divisor of 3626 and 74?
74
Calculate the greatest common factor of 1743 and 21.
21
Calculate the highest common factor of 6313 and 214.
107
What is the highest common factor of 261 and 116?
29
What is the greatest common divisor of 25 and 1075?
25
What is the highest common factor of 2442 and 592?
74
What is the highest common factor of 39 and 51?
3
What is the greatest common factor of 102 and 68?
34
Calculate the highest common factor of 11 and 319.
11
Calculate the greatest common factor of 616 and 56.
56
Calculate the highest common divisor of 42 and 441.
21
What is the greatest common divisor of 81 and 28593?
81
Calculate the greatest common divisor of 988 and 95.
19
What is the highest common factor of 88 and 416?
8
Calculate the highest common divisor of 427 and 610.
61
What is the greatest common factor of 530 and 30?
10
Calculate the highest common factor of 2997 and 10656.
333
What is the greatest common divisor of 141 and 94?
47
Calculate the highest common divisor of 11446 and 354.
118
What is the greatest common divisor of 104 and 1677?
13
What is the greatest common divisor of 96 and 36?
12
Calculate the greatest common factor of 232 and 1044.
116
What is the highest common divisor of 1353 and 77?
11
What is the greatest common factor of 30 and 70?
10
What is the greatest common factor of 17 and 9707?
17
Calculate the greatest common factor of 5704 and 552.
184
Calculate the greatest common factor of 583 and 53.
53
What is the greatest common factor of 46 and 253?
23
What is the greatest common divisor of 1891 and 62?
31
Calculate the highest common factor of 168 and 42.
42
Calculate the highest common divisor of 14 and 2877.
7
Calculate the highest common divisor of 253 and 368.
23
Calculate the greatest common factor of 294 and 38514.
294
Calculate the greatest common factor of 30 and 450.
30
Calculate the highest common divisor of 17 and 2159.
17
Calculate the greatest common factor of 95 and 76.
19
What is the greatest common divisor of 288 and 1408?
32
What is the highest common factor of 101008 and 16?
16
Calculate the highest common factor of 96 and 156.
12
What is the highest common divisor of 2294 and 111?
37
What is the greatest common divisor of 801 and 178?
89
What is the highest common divisor of 29 and 8149?
29
Calculate the greatest common divisor of 270 and 290.
10
Calculate the greatest common divisor of 6265 and 70.
35
Calculate the greatest common factor of 23 and 1909.
23
What is the greatest common factor of 15 and 130?
5
What is the greatest common divisor of 486 and 36?
18
What is the greatest common divisor of 63 and 13923?
63
What is the highest common factor of 27198 and 18?
18
Calculate the g